{"id":3735,"date":"2021-01-28T00:01:22","date_gmt":"2021-01-28T00:01:22","guid":{"rendered":"https:\/\/horecasupplier.nl\/?post_type=product&#038;p=3735"},"modified":"2021-01-28T00:01:22","modified_gmt":"2021-01-28T00:01:22","slug":"wusthof-classic-garneermesje-11cm","status":"publish","type":"product","link":"https:\/\/horecasupplier.nl\/?product=wusthof-classic-garneermesje-11cm","title":{"rendered":"Wusthof Classic garneermesje 11cm"},"content":{"rendered":"<table>\n<tbody>\n<tr class=\"\">\n<td valign=\"middle\">Lengte: 11cm. Materiaal: RVS.<\/p>\n<p>Wusthof messen worden traditioneel uit \u00e9\u00e9n stuk staal gesmeed. Het merk wordt door vele topkoks gezien als het beste ter wereld. Zeer hoogwaardig RVS wordt in 38 stappen bewerkt met een super kwaliteitsmes als resultaat.<\/p>\n<div class=\"col\">\n<div class=\"sect product-properties\">\n<table>\n<tbody>\n<tr class=\"propertiesRow\">\n<td class=\"propertyValue\">\n<ul class=\"propertyValueList\">\n<li>Merk: W\u00fcsthof<\/li>\n<\/ul>\n<\/td>\n<\/tr>\n<tr class=\"propertiesRow\">\n<td>\n<ul class=\"propertyValueList\">\n<li>Dimensions: 11cm<\/li>\n<li>Materiaal: RVS<\/li>\n<\/ul>\n<\/td>\n<\/tr>\n<tr class=\"propertiesRow\">\n<td>\n<ul class=\"propertyValueList\">\n<li>Met precisie gesmeed uit \u00e9\u00e9n stuk staal<\/li>\n<li>Met een laser gecontroleerd en getest snijvlak<\/li>\n<li>Het snijvlak wordt vakkundig met de hand geslepen in een uitgebreid 38-stappen proces<\/li>\n<li>Het lemmet is zeer scherp en gemakkelijk in het onderhoud<\/li>\n<li>De krop geeft het mes balans, voor moeiteloos snijden<\/li>\n<\/ul>\n<\/td>\n<\/tr>\n<\/tbody>\n<\/table>\n<\/div>\n<\/div>\n<\/td>\n<\/tr>\n<\/tbody>\n<\/table>\n","protected":false},"excerpt":{"rendered":"<p>Lengte: 11cm. Materiaal: RVS. Wusthof messen worden traditioneel uit \u00e9\u00e9n stuk staal gesmeed. Het merk wordt door vele topkoks gezien als het beste ter wereld. Zeer hoogwaardig RVS wordt in 38 stappen bewerkt met een super kwaliteitsmes als resultaat. Merk: W\u00fcsthof Dimensions: 11cm Materiaal: RVS Met precisie gesmeed uit \u00e9\u00e9n&hellip; <\/p>\n","protected":false},"featured_media":3736,"comment_status":"open","ping_status":"closed","template":"","meta":[],"_links":{"self":[{"href":"https:\/\/horecasupplier.nl\/index.php?rest_route=\/wp\/v2\/product\/3735"}],"collection":[{"href":"https:\/\/horecasupplier.nl\/index.php?rest_route=\/wp\/v2\/product"}],"about":[{"href":"https:\/\/horecasupplier.nl\/index.php?rest_route=\/wp\/v2\/types\/product"}],"replies":[{"embeddable":true,"href":"https:\/\/horecasupplier.nl\/index.php?rest_route=%2Fwp%2Fv2%2Fcomments&post=3735"}],"wp:featuredmedia":[{"embeddable":true,"href":"https:\/\/horecasupplier.nl\/index.php?rest_route=\/wp\/v2\/media\/3736"}],"wp:attachment":[{"href":"https:\/\/horecasupplier.nl\/index.php?rest_route=%2Fwp%2Fv2%2Fmedia&parent=3735"}],"curies":[{"name":"wp","href":"https:\/\/api.w.org\/{rel}","templated":true}]}}