{"id":563,"date":"2020-11-14T06:55:47","date_gmt":"2020-11-14T06:55:47","guid":{"rendered":"https:\/\/horecasupplier.nl\/?post_type=product&#038;p=563"},"modified":"2020-11-14T06:55:47","modified_gmt":"2020-11-14T06:55:47","slug":"santos-keukenblender-37a-4l","status":"publish","type":"product","link":"https:\/\/horecasupplier.nl\/?product=santos-keukenblender-37a-4l","title":{"rendered":"Santos keukenblender 37A 4L"},"content":{"rendered":"<p>750W, 4L, polycarbonaat kan<\/p>\n<p>Uitstekende kwaliteit blender voor commerci\u00eble keukens. De Santos 37A is effici\u00ebnt, bijzonder robuust, veilig en krachtig en heeft geen moeite met harde ingredi\u00ebnten als ijsblokjes en de schaal van kreeft. Ideaal voor in drukke restaurants, hotels, kantines en meer. De Santos 37A mixt, maalt en blent warm en koud voedsel met variabele snelheden.<\/p>\n<p><img src=\"https:\/\/www.gastronoble.com\/Content\/Files\/SiteMetaDataImages\/Santos.jpg?w=80\" alt=\"Santos\" \/><\/p>\n<section class=\"content\">\n<div class=\"container\">\n<div class=\"row\">\n<div class=\"col\">\n<div class=\"sect product-properties\">\n<table>\n<tbody>\n<tr class=\"propertiesRow\">\n<td class=\"propertyValue\">\n<ul class=\"propertyValueList\">\n<li>Merk: Santos<\/li>\n<\/ul>\n<\/td>\n<\/tr>\n<tr class=\"propertiesRow\">\n<td>\n<ul class=\"propertyValueList\">\n<li>Inhoud: 4L<\/li>\n<li>Dimensions: 61,5cm(h)x21,5cm(b)x22cm<\/li>\n<li>Materiaal: Aluminium<\/li>\n<li>Voltage: 230V<\/li>\n<li>Gewicht: 12,5kg<\/li>\n<\/ul>\n<\/td>\n<\/tr>\n<tr class=\"propertiesRow\">\n<td>\n<ul class=\"propertyValueList\">\n<li>Nieuwe messen cre\u00ebren perfecte vortex, variatie in snelheid (0-15000rpm) en pulsering (18000rpm), krachtige en betrouwbare motor.<\/li>\n<li>De kan kan in elke richting geplaatst worden.<\/li>\n<li>Stil koppelingssysteem en motor<\/li>\n<li>Hands-free bediening, vuldop voor het toevoegen van ingredi\u00ebnten tijdens het blenden. Heeft een afneembare kan, mes, deksel en rubberen dichting voor het eenvoudig schoonmaken.<\/li>\n<li>Voldoet aan HACCP-norm<\/li>\n<\/ul>\n<\/td>\n<\/tr>\n<\/tbody>\n<\/table>\n<\/div>\n<\/div>\n<div class=\"col\">\n<div id=\"divRelatedArticles\" class=\"sect\">\n<h3 class=\"sect-header\">Documenten<\/h3>\n<div>\n<ul class=\"article-docs\">\n<li class=\"article-docs\"><a title=\"Download Exploded Diagram\" href=\"https:\/\/www.gastronoble.com\/product\/download?url=%2Fasset%2Feuro%2Fmedia%2Fexploded%20diagram%20dn637.pdf\" target=\"_blank\" rel=\"noopener noreferrer\">Download Exploded Diagram<\/a><\/li>\n<li class=\"article-docs\"><a title=\"Download gebruikershandleiding\" href=\"https:\/\/www.gastronoble.com\/product\/download?url=%2Fasset%2Feuro%2Fmedia%2Fuser%20manual%20dn637.pdf\" target=\"_blank\" rel=\"noopener noreferrer\">Download gebruikershandleiding<\/a><\/li>\n<\/ul>\n<\/div>\n<\/div>\n<\/div>\n<\/div>\n<\/div>\n<\/section>\n<section class=\"content-additional related\">\n<div class=\"container\">\n<div class=\"row\">\n<div class=\"col\"><\/div>\n<\/div>\n<\/div>\n<\/section>\n","protected":false},"excerpt":{"rendered":"<p>750W, 4L, polycarbonaat kan Uitstekende kwaliteit blender voor commerci\u00eble keukens. De Santos 37A is effici\u00ebnt, bijzonder robuust, veilig en krachtig en heeft geen moeite met harde ingredi\u00ebnten als ijsblokjes en de schaal van kreeft. Ideaal voor in drukke restaurants, hotels, kantines en meer. De Santos 37A mixt, maalt en blent&hellip; <\/p>\n","protected":false},"featured_media":564,"comment_status":"open","ping_status":"closed","template":"","meta":[],"_links":{"self":[{"href":"https:\/\/horecasupplier.nl\/index.php?rest_route=\/wp\/v2\/product\/563"}],"collection":[{"href":"https:\/\/horecasupplier.nl\/index.php?rest_route=\/wp\/v2\/product"}],"about":[{"href":"https:\/\/horecasupplier.nl\/index.php?rest_route=\/wp\/v2\/types\/product"}],"replies":[{"embeddable":true,"href":"https:\/\/horecasupplier.nl\/index.php?rest_route=%2Fwp%2Fv2%2Fcomments&post=563"}],"wp:featuredmedia":[{"embeddable":true,"href":"https:\/\/horecasupplier.nl\/index.php?rest_route=\/wp\/v2\/media\/564"}],"wp:attachment":[{"href":"https:\/\/horecasupplier.nl\/index.php?rest_route=%2Fwp%2Fv2%2Fmedia&parent=563"}],"curies":[{"name":"wp","href":"https:\/\/api.w.org\/{rel}","templated":true}]}}